common factor of 221 and 26.
13
What is the highest common divisor of 7467 and 57?
57
What is the highest common divisor of 602 and 14?
14
What is the greatest common divisor of 75 and 795?
15
What is the highest common divisor of 4619 and 372?
31
Calculate the highest common factor of 99 and 11.
11
What is the greatest common divisor of 2975 and 357?
119
What is the greatest common factor of 64 and 2416?
16
What is the greatest common factor of 1648 and 618?
206
Calculate the highest common divisor of 244 and 2.
2
Calculate the greatest common divisor of 488 and 12810.
122
What is the highest common factor of 1176 and 152?
8
What is the greatest common divisor of 1375 and 625?
125
What is the greatest common divisor of 102 and 27642?
102
Calculate the highest common divisor of 3770 and 78.
26
What is the greatest common divisor of 6487 and 52?
13
Calculate the greatest common divisor of 840 and 28.
28
What is the highest common divisor of 42883 and 37?
37
What is the greatest common divisor of 657 and 365?
73
What is the greatest common divisor of 14 and 4354?
14
What is the highest common factor of 64141 and 17?
17
What is the greatest common factor of 615 and 15?
15
Calculate the highest common divisor of 4673 and 1.
1
What is the greatest common factor of 923 and 26?
13
What is the greatest common factor of 47 and 517?
47
What is the greatest common divisor of 480 and 32?
32
What is the highest common factor of 340 and 2465?
85
Calculate the highest common factor of 364 and 140.
28
What is the greatest common factor of 437 and 46?
23
Calculate the highest common factor of 2336 and 2044.
292
What is the highest common factor of 224 and 182?
14
Calculate the highest common divisor of 60 and 1268.
4
Calculate the highest common divisor of 3 and 249.
3
What is the highest common divisor of 11 and 11?
11
Calculate the greatest common divisor of 20 and 3090.
10
What is the highest common divisor of 19 and 2641?
19
Calculate the greatest common divisor of 73 and 292.
73
Calculate the highest common factor of 47 and 2.
1
Calculate the greatest common factor of 1480 and 37.
37
What is the greatest common factor of 20 and 2690?
10
Calculate the greatest common factor of 2438 and 46.
46
What is the greatest common factor of 3699 and 27?
27
What is the highest common factor of 406 and 7?
7
Calculate the greatest common divisor of 65 and 13.
13
What is the greatest common factor of 21 and 203?
7
What is the highest common factor of 858 and 66?
66
Calculate the highest common divisor of 19975 and 25.
25
What is the greatest common factor of 3 and 7?
1
What is the greatest common factor of 168 and 384?
24
Calculate the greatest common divisor of 1017 and 5650.
113
What is the highest common divisor of 742 and 1007?
53
What is the greatest common factor of 24 and 648?
24
Calculate the greatest common divisor of 5 and 4565.
5
What is the highest common divisor of 3330 and 270?
90
Calculate the highest common divisor of 4 and 23.
1
What is the highest common divisor of 55 and 20?
5
What is the highest common factor of 1 and 5?
1
Calculate the greatest common factor of 31868 and 124.
124
Calculate the greatest common factor of 8 and 28.
4
Calculate the greatest common divisor of 480 and 15.
15
Calculate the greatest common factor of 86 and 1419.
43
What is the highest common factor of 8756 and 44?
44
Calculate the greatest common divisor of 458 and 229.
229
What is the highest common factor of 40960 and 40?
40
What is the greatest common divisor of 30 and 645?
15
What is the greatest common factor of 232 and 29?
29
What is the greatest common factor of 1586 and 1342?
122
What is the greatest common factor of 550 and 1540?
110
What is the highest common divisor of 182 and 78?
26
Calculate the greatest common divisor of 287 and 697.
41
What is the greatest common factor of 9 and 12141?
9
What is the greatest common divisor of 156 and 12?
12
Calculate the highest common divisor of 392 and 728.
56
What is the greatest common divisor of 1128 and 24?
24
Calculate the highest common divisor of 940 and 20.
20
Calculate the highest common factor of 497 and 213.
71
What is the highest common factor of 500 and 130?
10
What is the greatest common factor of 128 and 200?
8
Calculate the highest common divisor of 336 and 24.
24
What is the highest common factor of 2 and 50?
2
Calculate the greatest common factor of 161 and 14.
7
Calculate the greatest common factor of 20 and 20.
20
Calculate the greatest common factor of 215 and 27305.
215
What is the highest common divisor of 243 and 27?
27
Calculate the highest common divisor of 13 and 2015.
13
Calculate the greatest common factor of 1300 and 910.
130
Calculate the highest common divisor of 1233 and 333.
9
What is the highest common divisor of 20070 and 45?
45
What is the highest common factor of 42 and 48?
6
Calculate the highest common divisor of 676 and 104.
52
Calculate the highest common divisor of 1230 and 690.
30
What is the highest common divisor of 147 and 49?
49
Calculate the greatest common factor of 90 and 126.
18
Calculate the greatest common factor of 64 and 12.
4
What is the greatest common divisor of 3358 and 5402?
146
Calculate the greatest common factor of 12 and 732.
12
Calculate the highest common factor of 1212 and 12.
12
Calculate the greatest common divisor of 46 and 9407.
23
Calculate the greatest common factor of 70 and 13125.
35
Calculate the greatest common divisor of 8023 and 142.
71
Calculate the greatest common factor of 48 and 168.
24
What is the highest common factor of 175 and 550?
25
Calculate the greatest common factor of 72 and 69.
3
Calculate the highest common divisor of 10275 and 300.
75
Calculate the greatest common divisor of 188 and 8.
4
What is the highest common factor of 120 and 110?
10
What is the greatest common factor of 7 and 133?
7
What is the highest common divisor of 2 and 37?
1
Calculate the greatest common divisor of 18 and 13122.
18
Calculate the highest common divisor of 36 and 36.
36
What is the highest common divisor of 25 and 200?
25
What is the highest common factor of 54 and 54?
54
What is the highest common divisor of 120 and 55080?
120
Calculate the highest common divisor of 39 and 611.
13
Calculate the highest common factor of 720 and 2064.
48
What is the greatest common divisor of 1606 and 22?
22
Calculate the highest common factor of 308 and 70.
14
Calculate the greatest common factor of 65 and 507.
13
What is the highest common divisor of 141 and 188?
47
What is the greatest common divisor of 126 and 2226?
42
What is the highest common divisor of 261 and 1943?
29
Calculate the greatest common divisor of 1739 and 111.
37
Calculate the greatest common divisor of 69 and 2967.
69
Calculate the greatest common divisor of 164 and 697.
41
What is the highest common factor of 60 and 17340?
60
What is the highest common divisor of 152 and 95?
19
Calculate the highest common divisor of 47 and 18941.
47
Calculate the highest common factor of 322 and 230.
46
Calculate the greatest common divisor of 10 and 37115.
5
Calculate the highest common factor of 42 and 406.
14
What is the highest common factor of 261 and 3219?
87
What is the highest common divisor of 18 and 64?
2
Calculate the greatest common divisor of 20937 and 21.
21
Calculate the highest common divisor of 418 and 154.
22
Calculate the highest common divisor of 22 and 5258.
22
Calculate the greatest common divisor of 8 and 6488.
8
What is the greatest common divisor of 82 and 131774?
82
Calculate the greatest common factor of 35 and 1295.
35
Calculate the highest common divisor of 11 and 11231.
11
What is the greatest common divisor of 156 and 60?
12
Calculate the greatest common divisor of 40 and 320.
40
What is the greatest common factor of 9 and 261?
9
Calculate the greatest common factor of 84 and 700.
28
What is the greatest common divisor of 3888 and 270?
54
Calculate the greatest common factor of 1349 and 171.
19
Calculate the highest common divisor of 60 and 150.
30
Calculate the greatest common factor of 8 and 4084.
4
Calculate the greatest common factor of 5 and 35.
5
What is the highest common factor of 1182 and 18?
6
What is the highest common divisor of 3312 and 230?
46
Calculate the great